{"id":40,"date":"2024-10-10T15:31:52","date_gmt":"2024-10-10T13:31:52","guid":{"rendered":"https:\/\/littleluko.cz\/?page_id=40"},"modified":"2025-02-28T18:48:55","modified_gmt":"2025-02-28T17:48:55","slug":"elementor-40","status":"publish","type":"page","link":"https:\/\/littleluko.cz\/","title":{"rendered":"\u00davodn\u00ed strana"},"content":{"rendered":"\t\t<div data-elementor-type=\"wp-page\" data-elementor-id=\"40\" class=\"elementor elementor-40\" data-elementor-post-type=\"page\">\n\t\t\t\t\t\t<section class=\"elementor-section elementor-top-section elementor-element elementor-element-248df59d elementor-section-boxed elementor-section-height-default elementor-section-height-default\" data-id=\"248df59d\" data-element_type=\"section\">\n\t\t\t\t\t\t<div class=\"elementor-container elementor-column-gap-default\">\n\t\t\t\t\t<div class=\"elementor-column elementor-col-100 elementor-top-column elementor-element elementor-element-58058e4d\" data-id=\"58058e4d\" data-element_type=\"column\">\n\t\t\t<div class=\"elementor-widget-wrap elementor-element-populated\">\n\t\t\t\t\t\t<div class=\"elementor-element elementor-element-3e8dc41a elementor-widget elementor-widget-theme-site-logo elementor-widget-image\" data-id=\"3e8dc41a\" data-element_type=\"widget\" data-widget_type=\"theme-site-logo.default\">\n\t\t\t\t<div class=\"elementor-widget-container\">\n\t\t\t\t\t\t\t\t\t<a href=\"https:\/\/littleluko.cz\">\n\t\t\t<img fetchpriority=\"high\" decoding=\"async\" width=\"561\" height=\"427\" src=\"https:\/\/littleluko.cz\/wp-content\/uploads\/2024\/10\/LUO001_Luko-Organic_CMYK.png\" class=\"attachment-full size-full wp-image-27\" alt=\"\" srcset=\"https:\/\/littleluko.cz\/wp-content\/uploads\/2024\/10\/LUO001_Luko-Organic_CMYK.png 561w, https:\/\/littleluko.cz\/wp-content\/uploads\/2024\/10\/LUO001_Luko-Organic_CMYK-300x228.png 300w\" sizes=\"(max-width: 561px) 100vw, 561px\" \/>\t\t\t\t<\/a>\n\t\t\t\t\t\t\t\t\t<\/div>\n\t\t\t\t<\/div>\n\t\t\t\t<div class=\"elementor-element elementor-element-44c8c7b3 elementor-align-center elementor-widget elementor-widget-button\" data-id=\"44c8c7b3\" data-element_type=\"widget\" data-widget_type=\"button.default\">\n\t\t\t\t<div class=\"elementor-widget-container\">\n\t\t\t\t\t<div class=\"elementor-button-wrapper\">\n\t\t\t<a class=\"elementor-button elementor-button-link elementor-size-sm\" href=\"https:\/\/littleluko.cz\/?page_id=61&#038;preview_id=61&#038;preview_nonce=7124bd7f46&#038;preview=true\">\n\t\t\t\t\t\t<span class=\"elementor-button-content-wrapper\">\n\t\t\t\t\t\t\t\t\t<span class=\"elementor-button-text\">Napsat zp\u011btnou vazbu<\/span>\n\t\t\t\t\t<\/span>\n\t\t\t\t\t<\/a>\n\t\t<\/div>\n\t\t\t\t<\/div>\n\t\t\t\t<\/div>\n\t\t\t\t<div class=\"elementor-element elementor-element-882c5f9 elementor-align-center elementor-widget elementor-widget-button\" data-id=\"882c5f9\" data-element_type=\"widget\" data-widget_type=\"button.default\">\n\t\t\t\t<div class=\"elementor-widget-container\">\n\t\t\t\t\t<div class=\"elementor-button-wrapper\">\n\t\t\t<a class=\"elementor-button elementor-size-sm\" role=\"button\">\n\t\t\t\t\t\t<span class=\"elementor-button-content-wrapper\">\n\t\t\t\t\t\t\t\t\t<span class=\"elementor-button-text\">Chci dost\u00e1vat novinky<\/span>\n\t\t\t\t\t<\/span>\n\t\t\t\t\t<\/a>\n\t\t<\/div>\n\t\t\t\t<\/div>\n\t\t\t\t<\/div>\n\t\t\t\t<div class=\"elementor-element elementor-element-56c01151 elementor-align-center elementor-widget elementor-widget-button\" data-id=\"56c01151\" data-element_type=\"widget\" data-widget_type=\"button.default\">\n\t\t\t\t<div class=\"elementor-widget-container\">\n\t\t\t\t\t<div class=\"elementor-button-wrapper\">\n\t\t\t<a class=\"elementor-button elementor-size-sm\" role=\"button\">\n\t\t\t\t\t\t<span class=\"elementor-button-content-wrapper\">\n\t\t\t\t\t\t\t\t\t<span class=\"elementor-button-text\">Co je to mikrozelenina<\/span>\n\t\t\t\t\t<\/span>\n\t\t\t\t\t<\/a>\n\t\t<\/div>\n\t\t\t\t<\/div>\n\t\t\t\t<\/div>\n\t\t\t\t<div class=\"elementor-element elementor-element-c4ae099 elementor-align-center elementor-widget elementor-widget-button\" data-id=\"c4ae099\" data-element_type=\"widget\" data-widget_type=\"button.default\">\n\t\t\t\t<div class=\"elementor-widget-container\">\n\t\t\t\t\t<div class=\"elementor-button-wrapper\">\n\t\t\t<a class=\"elementor-button elementor-size-sm\" role=\"button\">\n\t\t\t\t\t\t<span class=\"elementor-button-content-wrapper\">\n\t\t\t\t\t\t\t\t\t<span class=\"elementor-button-text\">Laboratorn\u00ed testy<\/span>\n\t\t\t\t\t<\/span>\n\t\t\t\t\t<\/a>\n\t\t<\/div>\n\t\t\t\t<\/div>\n\t\t\t\t<\/div>\n\t\t\t\t<div class=\"elementor-element elementor-element-4127e56f elementor-align-center elementor-widget elementor-widget-button\" data-id=\"4127e56f\" data-element_type=\"widget\" data-widget_type=\"button.default\">\n\t\t\t\t<div class=\"elementor-widget-container\">\n\t\t\t\t\t<div class=\"elementor-button-wrapper\">\n\t\t\t<a class=\"elementor-button elementor-size-sm\" role=\"button\">\n\t\t\t\t\t\t<span class=\"elementor-button-content-wrapper\">\n\t\t\t\t\t\t\t\t\t<span class=\"elementor-button-text\">Kde koupit?<\/span>\n\t\t\t\t\t<\/span>\n\t\t\t\t\t<\/a>\n\t\t<\/div>\n\t\t\t\t<\/div>\n\t\t\t\t<\/div>\n\t\t\t\t\t<\/div>\n\t\t<\/div>\n\t\t\t\t\t<\/div>\n\t\t<\/section>\n\t\t\t\t<section class=\"elementor-section elementor-top-section elementor-element elementor-element-6bd68986 elementor-section-boxed elementor-section-height-default elementor-section-height-default\" data-id=\"6bd68986\" data-element_type=\"section\">\n\t\t\t\t\t\t<div class=\"elementor-container elementor-column-gap-default\">\n\t\t\t\t\t<div class=\"elementor-column elementor-col-100 elementor-top-column elementor-element elementor-element-384ded55\" data-id=\"384ded55\" data-element_type=\"column\">\n\t\t\t<div class=\"elementor-widget-wrap elementor-element-populated\">\n\t\t\t\t\t\t<div class=\"elementor-element elementor-element-66a34ef2 elementor-widget elementor-widget-image\" data-id=\"66a34ef2\" data-element_type=\"widget\" data-settings=\"{&quot;_animation_mobile&quot;:&quot;fadeIn&quot;}\" data-widget_type=\"image.default\">\n\t\t\t\t<div class=\"elementor-widget-container\">\n\t\t\t\t\t\t\t\t\t\t\t\t\t<img decoding=\"async\" width=\"800\" height=\"732\" src=\"https:\/\/littleluko.cz\/wp-content\/uploads\/2024\/10\/LUO001_panacek-se-seminkem_out_preview.pdf-1024x937.png\" class=\"attachment-large size-large wp-image-30\" alt=\"\" srcset=\"https:\/\/littleluko.cz\/wp-content\/uploads\/2024\/10\/LUO001_panacek-se-seminkem_out_preview.pdf-1024x937.png 1024w, https:\/\/littleluko.cz\/wp-content\/uploads\/2024\/10\/LUO001_panacek-se-seminkem_out_preview.pdf-300x274.png 300w, https:\/\/littleluko.cz\/wp-content\/uploads\/2024\/10\/LUO001_panacek-se-seminkem_out_preview.pdf-768x702.png 768w, https:\/\/littleluko.cz\/wp-content\/uploads\/2024\/10\/LUO001_panacek-se-seminkem_out_preview.pdf-1536x1405.png 1536w, https:\/\/littleluko.cz\/wp-content\/uploads\/2024\/10\/LUO001_panacek-se-seminkem_out_preview.pdf.png 1804w\" sizes=\"(max-width: 800px) 100vw, 800px\" \/>\t\t\t\t\t\t\t\t\t\t\t\t\t<\/div>\n\t\t\t\t<\/div>\n\t\t\t\t\t<\/div>\n\t\t<\/div>\n\t\t\t\t\t<\/div>\n\t\t<\/section>\n\t\t\t\t<\/div>\n\t\t","protected":false},"excerpt":{"rendered":"<p>Napsat zp\u011btnou vazbu Chci dost\u00e1vat novinky Co je to mikrozelenina Laboratorn\u00ed testy Kde koupit?<\/p>\n","protected":false},"author":1,"featured_media":0,"parent":0,"menu_order":0,"comment_status":"closed","ping_status":"closed","template":"elementor_canvas","meta":{"footnotes":""},"class_list":["post-40","page","type-page","status-publish","hentry"],"_links":{"self":[{"href":"https:\/\/littleluko.cz\/index.php?rest_route=\/wp\/v2\/pages\/40"}],"collection":[{"href":"https:\/\/littleluko.cz\/index.php?rest_route=\/wp\/v2\/pages"}],"about":[{"href":"https:\/\/littleluko.cz\/index.php?rest_route=\/wp\/v2\/types\/page"}],"author":[{"embeddable":true,"href":"https:\/\/littleluko.cz\/index.php?rest_route=\/wp\/v2\/users\/1"}],"replies":[{"embeddable":true,"href":"https:\/\/littleluko.cz\/index.php?rest_route=%2Fwp%2Fv2%2Fcomments&post=40"}],"version-history":[{"count":20,"href":"https:\/\/littleluko.cz\/index.php?rest_route=\/wp\/v2\/pages\/40\/revisions"}],"predecessor-version":[{"id":83,"href":"https:\/\/littleluko.cz\/index.php?rest_route=\/wp\/v2\/pages\/40\/revisions\/83"}],"wp:attachment":[{"href":"https:\/\/littleluko.cz\/index.php?rest_route=%2Fwp%2Fv2%2Fmedia&parent=40"}],"curies":[{"name":"wp","href":"https:\/\/api.w.org\/{rel}","templated":true}]}}